culate the greatest common factor of 245 and j.
35
Let i(z) = -z**3 - 4*z**2 - 2*z + 2. Let a be i(-4). Let q = -77 - -92. What is the highest common factor of a and q?
5
Let i(f) = 11*f - 3. Let b be i(6). Calculate the highest common factor of 21 and b.
21
Let a(f) = -f**3 + 7*f**2 + 8*f + 4. Let c be a(8). Let w be (c/(-5))/((-15)/225). Calculate the greatest common divisor of 36 and w.
12
Let h be 23 + 20/8 + (-9)/6. Let w be (5 - (0 - -1)) + -1. Calculate the highest common factor of w and h.
3
Let g = -11 + 25. Let h = 71 + 55. Calculate the highest common divisor of g and h.
14
Let p(d) = 6*d**2 + d - 1. Let z be p(-2). Suppose -5*t - 1 = -z. Calculate the greatest common factor of 2 and t.
2
Let k be (4/(-8))/((-1)/(-104)*-2). What is the greatest common factor of 39 and k?
13
Let r = 70 - 16. Let z(p) = -3*p - 12. Let n be z(-7). Calculate the greatest common divisor of r and n.
9
Let c = 6 + -4. Suppose -c*q + 2*d + 8 = -10, 2*d - 18 = -4*q. Calculate the highest common divisor of 42 and q.
6
Suppose 8*r - 3*r - 5*q + 50 = 0, 50 = -4*r - q. Let x = r + 32. What is the greatest common factor of 80 and x?
20
Let o = 47 + -28. What is the greatest common factor of o and 171?
19
Let l be 4/(-14) - ((-7010)/35 - -8). Calculate the highest common divisor of l and 24.
24
Let v(s) = -10*s + 7. Let g(l) = 15*l - 10. Let u(r) = -5*g(r) - 7*v(r). Let m be u(-1). Calculate the highest common factor of m and 30.
6
Let i = 56 + -20. What is the greatest common divisor of i and 18?
18
Let m = 20 - 16. Calculate the greatest common factor of 16 and m.
4
Suppose 18 = 4*h - 214. Calculate the highest common factor of 145 and h.
29
Let m = 0 + 4. Suppose -m*h + 5 = -39. What is the highest common factor of h and 77?
11
Suppose -5*j = 3*p - 130, -40 + 10 = -p + 5*j. What is the highest common divisor of 8 and p?
8
Let j be (-124)/(-7) + 8/28. Calculate the greatest common factor of j and 12.
6
Let y = 212 - 197. Let o be -2 + 2 + 0/(-2). Suppose 5*d - 499 + 199 = o. What is the greatest common factor of d and y?
15
Let k(v) = v**3 + 7*v**2 - v + 8. Let w be k(-6). Suppose -3*h + 122 = w. What is the greatest common divisor of 48 and h?
24
Let q = 0 + 0. Let w = -24 + 42. Let a = w + q. Calculate the highest common divisor of a and 45.
9
Let u be (4/(-6))/(3/(-27)). What is the highest common factor of u and 9?
3
Suppose -5*o = -o - 336. Let m = o - 21. Calculate the highest common divisor of m and 21.
21
Suppose 10 = -3*y + 4*y. Calculate the highest common divisor of 1 and y.
1
Suppose 29 = 4*g + 1. Suppose 55 = g*u - 2*u. Let w = -2 + u. Calculate the highest common divisor of 27 and w.
9
Suppose 2 = -k + 4*i, 0 = -2*k + 3*k + 3*i - 5. Suppose 3*f = 8*f - 3*j + 57, 50 = -4*f - 2*j. Let u = -10 - f. What is the highest common divisor of u and k?
2
Suppose -r = y - 6, -2*y + 27 = 2*y + r. Calculate the highest common factor of 56 and y.
7
Suppose 2*j - 47 = -y, 3*y + 193 - 59 = 5*j. Suppose 2*u = -3*u + 25. Calculate the highest common factor of j and u.
5
Let t = -18 - -36. Let q be (-12)/(-18) - 8/(-6). Suppose -15 = -3*u - 2*u - s, -q*u = 4*s - 24. What is the greatest common divisor of t and u?
2
Let l = -1 - -5. Suppose -l*m = -14 - 34. Calculate the greatest common factor of m and 8.
4
Suppose 134*c = 135*c - 1. Suppose 0*q = -4*q + 36. Suppose l + 10 = 5*l + 3*u, 5*u = l + q. Calculate the highest common factor of l and c.
1
Let i(l) = -l**2 + 7*l + 3. Let x be i(7). Suppose 5 = 2*m - n, -x*n = -n + 6. Calculate the highest common factor of m and 9.
1
Let w be (0 + 2 + -4)*-1. Suppose -32 = -0*j - 2*j. What is the greatest common factor of w and j?
2
Let c(j) = -3*j**3 - 2*j**2 + 3*j. Let z be c(-3). Let q be 0/(-1)*1 - z. Let f be (-6)/(-9)*q/(-4). Calculate the greatest common factor of f and 45.
9
Let w(s) = -3*s - 3. Let r be w(-3). Suppose 2*v - q = 38, -3*v + 44 = -v - 4*q. What is the highest common factor of v and r?
6
Let c be -15*2*(-20)/15. Let j be 16 - -3 - (-3 - -2). Calculate the highest common factor of c and j.
20
Let n(d) = -7*d - 1. Let v be n(-3). Let j = 31 - v. Let t = 1 - 0. Calculate the greatest common factor of t and j.
1
Let g be 2*2 + (-2)/(-2). What is the highest common divisor of 10 and g?
5
Let x = -47 + 70. Calculate the greatest common factor of x and 207.
23
Let q(h) = h**2 - h - 1. Suppose 3*p + 12 = -0*p. Let s be q(p). Let k(u) = -u**2 + u + 209. Let f be k(0). Calculate the greatest common divisor of f and s.
19
Let j(l) = -5*l**3 + 3*l**3 + 3*l**3 + l**3 - l**2 - l. Let k be j(2). What is the greatest common factor of k and 20?
10
Suppose 3*v - 21 - 18 = 0. Calculate the highest common divisor of v and 104.
13
Suppose 0*q = -3*q - 177. Let s = q + 89. Calculate the highest common factor of 45 and s.
15
Suppose 3*u = -3*c + 14 - 2, 2*c = -4*u + 8. Suppose o = l - 160, -c*l + o + 640 = 4*o. What is the highest common factor of 20 and l?
20
Let k = -5 + 40. Calculate the greatest common factor of k and 315.
35
Suppose 83 = 3*g - q - 152, 3*q = 4*g - 320. Let s = g + -41. Let k = -20 + 29. Calculate the greatest common factor of k and s.
9
Suppose f - 2 = 21. Calculate the greatest common factor of 184 and f.
23
Let l be 2/11 + 62/22. Suppose n = -l*n + 364. Let t = n - 1. What is the greatest common divisor of 9 and t?
9
Suppose -6 + 22 = 4*z, -4*u + 4*z = 4. Suppose -2*j + 20 = u*j. Calculate the greatest common divisor of j and 16.
4
Let g be ((-10)/(-25))/((-4)/(-10)). Let o be g/4 - (-78)/8. What is the highest common divisor of o and 20?
10
Suppose -4*o = 2*n - n - 43, -3*o = -4*n - 56. Let c(g) = 3*g + 3. Let i be c(3). Calculate the greatest common divisor of i and o.
12
Suppose 9 = 5*b - 6, -2*c + 153 = b. Let a = 43 + -28. Calculate the highest common divisor of a and c.
15
Suppose 0*l - 28 = -l. Let t = -17 + l. What is the greatest common divisor of t and 33?
11
Let s(j) = -j**2 - 6*j + 9. Let g be s(-7). Suppose -90 = -5*h - i, 6*i = g*h + i - 36. Calculate the highest common divisor of 2 and h.
2
Let t be (-2 + 2 - -1) + 2. Calculate the highest common factor of 2 and t.
1
Let f be 3/(-12) + (-25)/(-4). Suppose 3*a - 5 = -c - 0, 2*a - 5*c = 9. Suppose 0*s = -a*s + 120. What is the highest common factor of s and f?
6
Let q be 3/15 - 18/15. Let a(u) = -22*u + 1. Let o be a(q). Calculate the greatest common factor of o and 184.
23
Let n(b) = b**3 + 7*b**2 - 2*b - 8. Let z be n(-7). Suppose -4*q + 52 = -20. Let k = q - z. What is the highest common factor of k and 132?
12
Let u(y) = 10*y**2 + y + 1. Let j be u(-3). What is the highest common factor of j and 8?
8
Suppose -2*f + 6*f - 192 = -4*o, -f = -3. What is the greatest common divisor of 135 and o?
45
Suppose -4*h - 60 + 0 = 0. Let x = h + 22. Suppose 36 + 69 = 5*z. Calculate the greatest common factor of x and z.
7
Suppose 8*b - 150 = 3*b. Let x be (-8)/(-6)*(-9)/(-6)*3. What is the highest common divisor of b and x?
6
Suppose s - 2*m - 1 = 32, 0 = 5*s - 2*m - 181. Calculate the greatest common divisor of s and 259.
37
Let s(u) = 5*u**2 + 23*u - 16. Let d(j) = -3*j**2 - 12*j + 8. Let m(g) = -7*d(g) - 4*s(g). Let p be m(8). What is the greatest common divisor of p and 2?
2
Let r = -50 + 90. What is the highest common factor of r and 20?
20
Suppose 5*r = 5, 251 = 3*v + 3*r + 104. What is the greatest common factor of 120 and v?
24
Let u(p) = -p**3 - 9*p**2 - 8*p. Let m be u(-8). Let b(f) = f + 11. Let d be b(m). Calculate the highest common factor of d and 11.
11
Let d be ((-2)/12*46)/(5/(-45)). What is the highest common divisor of d and 23?
23
Let f(y) = -2*y - 9. Let n be f(-13). Calculate the highest common divisor of n and 136.
17
Suppose -42 = -2*i - i. Calculate the greatest common factor of 2 and i.
2
Let j(r) = 15*r - 27. Let l be j(5). Calculate the greatest common factor of 6 and l.
6
Suppose 2*l + 48 = 4*l. Let h = -14 + 20. Calculate the greatest common factor of h and l.
6
Suppose -3*o + 111 = -3*d, o - 3*d - 27 = -4*d. Suppose -8*r = -12*r + o. Calculate the greatest common factor of 40 and r.
8
Suppose 2*f = -f + 5*s + 22, -3*f + s = -14. Suppose j + 144 = f*j. Suppose -12 = -3*l + j. What is the greatest common divisor of l and 10?
10
Let u = -39 + 75. Let z(h) = 2*h**2 - 10*h - 8. Let p be z(9). Let j = -46 + p. What is the g